81 + -24. Let y be (-12)/(-20) + 5/((-75)/(-6)). Let a(v) = 34*v - 4. What is the remainder when r is divided by a(y)?
27
Suppose -37 = -t - 2*r, -24*r + 27*r = 0. What is the remainder when 70 is divided by t?
33
Let w(y) = -y**3 - 6*y**2 + 5*y - 6. Let r be w(-7). Let a = 37 + -10. Suppose a = j - r. What is the remainder when j is divided by 9?
8
Suppose 210 = 2*b - 6*n + 8*n, 5*b - 5*n = 525. What is the remainder when b is divided by 40?
25
Let s(j) = -1 - 2*j - 34*j + 2*j. What is the remainder when s(-2) is divided by (-26*2/(-8) - 3)*4?
11
Let h = -211 + 305. What is the remainder when h is divided by 19?
18
Let t(l) = 4 - l**3 - 3*l - 11 - 2*l**2 + 5. What is the remainder when 61 is divided by t(-3)?
13
Let f = 109 - 94. What is the remainder when (-21)/4*f/(180/(-544)) is divided by 60?
58
Let k(y) = -13*y - 66. Calculate the remainder when 65 is divided by k(-7).
15
Suppose z = -2*j - j + 5, 5*z = -20. Calculate the remainder when -1 + (-9)/j + 138 is divided by 34.
32
Suppose 0 = -4*n - 3*s + 163, -4*s = 3*n - 16 - 108. What is the remainder when n is divided by (-1*(-8)/(-12))/(2/(-42))?
12
Suppose 0 = -5*s + 25 + 50. What is the remainder when 69 is divided by s?
9
Suppose -60*f + 61*f - 768 = 3*w, -5*f = 5*w - 3820. What is the remainder when f is divided by 64?
61
Let l(c) = 2*c - 7. Suppose 3*b + 2*q - 5 = 7, -25 = -5*b - 5*q. Suppose 5*j + 4*r = 3*j - 10, -5*r - 14 = b*j. What is the remainder when l(5) is divided by j?
0
Let z = 275 + -182. Suppose 3*y = 2*g - 6*g - 74, 0 = 3*g + 3*y + 54. Let w = 44 + g. Calculate the remainder when z is divided by w.
21
Let z(j) = 44*j**2 - 26*j - 25. Calculate the remainder when z(5) is divided by 79.
76
Let n = -20 - -25. Suppose n*f + 5 = -3*j + 25, j = 3*f + 2. Calculate the remainder when 3 is divided by f.
0
Let w = -427 + 508. Calculate the remainder when 157 is divided by w.
76
Suppose 4*f - 5*o - 47 = 0, -4*f + 6*o = 3*o - 49. Suppose -3*i = -i - 10. Let z(l) = -l**3 + 6*l**2 - l + 3. Calculate the remainder when z(i) is divided by f.
10
Suppose 49*f - 3328 = -15*f. What is the remainder when 144 is divided by f?
40
Suppose q = -0*q + 3. Let m(b) = 9*b + 7. Let z be m(q). Suppose -5*t + 98 = -2*u, 0 = t - 0*t - 4*u - z. What is the remainder when 33 is divided by t?
15
Let s = 1283 - 1088. What is the remainder when s is divided by (-6)/(2/(-12)*2)?
15
Let a(f) be the first derivative of -2*f**3/3 + 29*f**2/2 + 13*f + 11. Suppose -r = -6*r + 30. What is the remainder when a(14) is divided by r?
3
Suppose 0 = -6*j + 2*j + 8. Let m(q) = 10*q + 17. Let y be m(7). Suppose j*f = -3*i + 58, 4*i + y = 6*f - 3*f. What is the remainder when f is divided by 15?
14
Let z = -15 - -27. Calculate the remainder when 33 + 6 + -12 + -2 + 9 is divided by z.
10
Suppose 3*c + 19*a = 20*a + 67, 3*c + a - 65 = 0. What is the remainder when 81 is divided by c?
15
Let a(w) = w**2 + 2*w - 2. Let o(t) = 3*t + 17. Let m be o(-5). Suppose -17 = -m*r + 7. Calculate the remainder when a(4) is divided by r.
10
Let v(b) be the first derivative of b**4/4 + b**3 - 2*b**2 + 2*b - 2. Calculate the remainder when 26 is divided by v(2).
12
Calculate the remainder when 30 is divided by 23 + -2 - 4 - 6.
8
What is the remainder when 96 is divided by ((-16)/18)/(-2) + 60306/1242?
47
Suppose 39*l - 6 = 38*l. Suppose 0 = -l*s + 7*s - 6. Suppose z + 22 = 2*z. Calculate the remainder when z is divided by s.
4
Suppose 9 - 21 = -4*g. Let z(j) be the first derivative of j**2/2 + 2*j - 1. Calculate the remainder when z(6) is divided by g.
2
Suppose -14 = -5*x - 3*s + 2*s, 10 = 2*x - 4*s. Suppose p = -x*p - 32. Let b = 33 + p. What is the remainder when 73 is divided by b?
23
Let s be 5 + ((-5)/1 - -4). Suppose -s*y - 4 = 0, -5*l + 2*y - 7*y + 70 = 0. What is the remainder when l is divided by 4?
3
Let f = 52 + -48. Suppose -f*z + t + 163 = 0, -2*z - 2*t = -z - 52. What is the remainder when z is divided by 16?
10
Suppose 0 = -q + 2*k + 41 - 10, 3*k + 29 = q. What is the remainder when 137 is divided by q?
32
Let p = 92 - 130. Let u = -27 - p. Calculate the remainder when 13 is divided by u.
2
Suppose 446 = -8*p + 542. Calculate the remainder when (2 - (-63)/6)*2 is divided by p.
1
Let l(k) = k**2 - 6*k - 147. Let s = -26 - -48. Let g = 11 + s. What is the remainder when g is divided by l(16)?
7
Let g = 83 - 64. Calculate the remainder when 91 is divided by g.
15
Suppose -8*u + 330 = -2*u. Suppose 0 = -7*w + 57 + u. What is the remainder when 92 is divided by w?
12
Calculate the remainder when 16 is divided by (2 - 0) + 24/3.
6
Let h(p) = -10*p + 390. Let t(c) = -3*c. What is the remainder when h(38) is divided by t(-2)?
4
Suppose 6*u - 648 + 162 = 0. What is the remainder when u is divided by 14?
11
Suppose -6*d - 896 = -2*d. Suppose 0 = -1985*j + 1979*j + 120. Calculate the remainder when d/(-6) - (-4)/(-12) is divided by j.
17
Let z be (54/12 + -2)*(-16)/(-10). Suppose -a = 4*v - 48, 0 = z*a - 2*v - v - 268. Suppose 0*n = n - 13. Calculate the remainder when a is divided by n.
12
Suppose 0*n = 4*n - 700. Let f be (-7809)/76 - (-2 - 5/(-4)). Let l = f + n. Calculate the remainder when l is divided by 19.
16
What is the remainder when 259 is divided by -5 - ((-2)/(-3) - (-1686)/(-18))?
83
Suppose -625 = -7*c - 198. Suppose 0 = 3*h - 14 - 34. Calculate the remainder when c is divided by h.
13
Let j(o) = -o**2 - 10. Let x be j(0). Let g = x - -22. Calculate the remainder when 47 is divided by g.
11
Let g(b) = -b**3 - 5*b**2 - 5*b + 1. Let c be g(-4). Suppose c*h - 290 = 205. Suppose 0*l = l - h. Calculate the remainder when l is divided by 17.
14
Let m(d) = -d**3 + 51*d**2 + 108*d - 92. Calculate the remainder when 37 is divided by m(53).
9
Let u(t) = 15*t + 11. Let x be u(-7). Let l be -2 + 4/1 - x. What is the remainder when 70 is divided by l/9*(-9)/(-4)?
22
Let z = -11 - -65. Suppose 95 = -h + 6*h. What is the remainder when z is divided by h?
16
Let l(g) = g**3 - 14*g**2 + g + 28. What is the remainder when 167 is divided by l(14)?
41
Let z(t) = -3*t + 24. Let b(o) = o**2 - 6*o - 2. Let f be b(7). Let v(d) = d**3 + 2*d**2 + 2*d - 3. Calculate the remainder when v(2) is divided by z(f).
8
Let l(y) = y**3 + 6*y**2 + y - 11. Suppose 43 = 3*p + 16. Calculate the remainder when l(-4) is divided by p.
8
Let p = 1 - 1. Suppose -3*y + 78 = -5*x, p = y - 3*x + 4 - 26. Calculate the remainder when y is divided by 17.
14
Suppose 0*y + 28 = 4*y. Let w(a) = 15*a + a**3 + 4 - 8*a**2 + 14 - 15. What is the remainder when w(y) is divided by 20?
19
Suppose 0 = 2*y + 3*y - 5. Let z be (0 - y) + 2 + 24. Suppose 0 = -5*a + z, 0 = -f + a - 5*a + 24. What is the remainder when 11 is divided by f?
3
Let f(w) = w**3 + 13*w**2 + 28*w - 1. Calculate the remainder when f(-6) is divided by 17.
15
Let u(j) = j - 9. Let t be u(5). Let d(p) = p**3 + 4*p**2 - 4*p - 1. Calculate the remainder when 58 is divided by d(t).
13
Suppose 11*i - 7*i = 20. Let b(s) = i*s + 16 + 10 - 28. Calculate the remainder when b(12) is divided by 20.
18
Suppose 4*z + 0*r + 3*r + 114 = 0, r + 28 = -z. Let i = 28 + z. Let v(b) = 5*b**2 + 2*b + 2. What is the remainder when 33 is divided by v(i)?
15
Suppose q + 16 = -2*v, 5*v + 2*q - q = -46. Let m = -5 + 20. Calculate the remainder when v/(-55) - (-524)/22 is divided by m.
9
Let b(d) = 41*d - 1. Let r be b(-2). Let w = r + 146. What is the remainder when w is divided by 22?
19
Let o be (-3)/5 - (-23)/5. Suppose -2*q + 14 = -3*i, o = -i + 2. Suppose q = k - 7. Calculate the remainder when 42 is divided by k.
9
Suppose 21*g = 7908 + 5175. Calculate the remainder when g is divided by 78.
77
Let m(v) = v**3 - 2*v**2 + v + 1. Let w be m(2). Suppose 4*a = 4*o + 24, 0 - w = -3*o. What is the remainder when 262/13 + 12/(-78) is divided by a?
6
Let k(m) = 11*m + 1. Let n(o) = -10*o - 1. Let y(p) = -6*k(p) - 5*n(p). Let d(f) = 11*f + 4. Calculate the remainder when d(5) is divided by y(-1).
14
Suppose 4*f = r + 3, 2*r = f + 4 + 4. Calculate the remainder when 19 is divided by (4/(-5))/(f/(-25)).
9
Let s = 70 + 8. What is the remainder when s is divided by 44?
34
What is the remainder when (18312/(-96))/(14/(-16)) is divided by 28?
22
Let t = 22 + 26. Let i = t + 1. Calculate the remainder when i is divided by 13.
10
Let w(a) = -a**3 - 